0001011111
Convert -3701132 (base 8) to base 6.
-33441334
Convert 20320411 (base 5) to base 9.
274044
What is -5b1866 (base 12) in base 5?
-334201324
Convert -11200203012 (base 4) to base 10.
-1444038
What is -55029 (base 11) in base 2?
-10011100000010011
What is -2220120002100 (base 3) in base 12?
-626a00
What is 121002201012 (base 3) in base 4?
1031113220
200201021021 (base 3) to base 12
1591b1
What is -26160430 (base 7) in base 4?
-21012020122
What is -67240 (base 10) in base 15?
-14dca
What is 74897 (base 14) in base 13?
9b229
Convert 28b877 (base 13) to base 10.
996691
What is -9668 (base 10) in base 4?
-2113010
-101003120 (base 4) to base 5
-4213343
What is 30302434 (base 5) in base 8?
734627
Convert -1b4b9 (base 14) to base 4.
-100332223
What is 1615a (base 14) in base 5?
3231111
Convert 6125716 (base 9) to base 8.
14351024
What is 8ca1d (base 16) in base 10?
576029
Convert -354216 (base 8) to base 6.
-2332022
Convert 3404141204 (base 5) to base 10.
7490179
What is 13582948 (base 10) in base 15?
12d489d
30116 (base 13) to base 10
85871
70b (base 16) to base 10
1803
Convert 221102201010 (base 3) to base 16.
7a382
Convert -1c2513 (base 16) to base 15.
-2667b9
Convert -433280 (base 10) to base 2.
-1101001110010000000
Convert ee162 (base 15) to base 12.
305825
Convert 1512871 (base 12) to base 6.
231113421
2911575 (base 10) to base 4
23012311113
What is -d8221d (base 15) in base 6?
-1004231331
-2e6ee (base 15) to base 12
-72a22
Convert 10000100010101001010 (base 2) to base 4.
2010111022
What is -1666547 (base 9) in base 3?
-1202020121121
-3030312002 (base 4) to base 3
-1120121221122
Convert -22010012 (base 4) to base 7.
-231116
What is -94961 (base 12) in base 10?
-194905
Convert 6469204 (base 10) to base 3.
110011200002011
Convert -744420 (base 8) to base 16.
-3c910
-10123214 (base 5) to base 12
-3bbb2
What is -1000110000010110001 (base 2) in base 11?
-186606
What is -104115550 (base 6) in base 16?
-1ca27a
a4b6 (base 16) to base 2
1010010010110110
Convert ca2a7 (base 13) to base 3.
200112221002
What is -1100043313 (base 5) in base 16?
-23ced4
Convert -3053305 (base 7) to base 4.
-1121120311
-3042114 (base 5) to base 13
-197ac
182158 (base 11) to base 5
32443100
Convert -8a265 (base 11) to base 7.
-1053125
What is -78a95 (base 11) in base 4?
-123330101
Convert 266b0b (base 13) to base 2.
11100010110011101100
Convert -4733661 (base 8) to base 12.
-523981
What is 48072 (base 13) in base 8?
401511
What is -2e920 (base 15) in base 12?
-73163
What is -559c7 (base 13) in base 10?
-155474
Convert -135665 (base 7) to base 6.
-320402
What is 2460875 (base 9) in base 5?
320323120
What is 10330425 (base 6) in base 3?
120121112222
1001000001111011010 (base 2) to base 13
a48b5
-117b3c6 (base 13) to base 6
-312121505
-1a814a (base 12) to base 5
-110021333
Convert -98579 (base 12) to base 15.
-3e976
4060 (base 12) to base 16
1b48
What is -6013231 (base 7) in base 6?
-23112244
Convert -22022203211 (base 4) to base 15.
-379802
27b61 (base 13) to base 5
4340224
What is -8625194 (base 10) in base 3?
-121020012112122
-2424121022 (base 5) to base 16
-56da6c
Convert c99dd (base 16) to base 10.
825821
1027556 (base 9) to base 8
2062352
485579 (base 15) to base 7
41262153
What is -413782 (base 10) in base 16?
-65056
Convert 250630 (base 9) to base 14.
3d276
What is 35325322 (base 6) in base 15?
16aec5
What is -2233213300 (base 4) in base 5?
-141004334
Convert -12310320333 (base 4) to base 2.
-110110100111000111111
Convert 101001100000100010101 (base 2) to base 12.
557159
Convert -994136 (base 10) to base 8.
-3625530
What is -2020111200 (base 3) in base 15?
-d109
What is 52ba5a (base 12) in base 2?
100111110111000100110
Convert -2024040200 (base 5) to base 11.
-236a0a9
Convert 223033212 (base 4) to base 3.
22222222020
What is 2739940 (base 10) in base 14?
514740
3200302203 (base 4) to base 13
263121
Convert -89fe9 (base 16) to base 8.
-2117751
Convert 1271a (base 12) to base 10.
25222
Convert f54f6a (base 16) to base 9.
33223014
Convert a18ad0 (base 15) to base 4.
131101133130
Convert -1037816 (base 11) to base 2.
-110111101101111111010
90a77 (base 13) to base 15
51a5c
Convert 4344633 (base 7) to base 10.
532311
Convert dd2ea (base 16) to base 4.
3131023222
Convert -95e7d (base 16) to base 15.
-c1de3
What is -1343341130 (base 5) in base 3?
-20120122011212
What is 16500641 (base 7) in base 10?
1613795
Convert 25887230 (base 9) to base 8.
60514643
What is -13653756 (base 8) in base 12?
-1057666
4716a8 (base 12) to base 2
100010111000110100000
Convert -205722 (base 10) to base 4.
-302032122
-53054250 (base 6) to base 5
-344001334
-27401067 (base 8) to base 3
-102121000020101
24144302 (base 6) to base 16
b9a6e
Convert 3065646 (base 7) to base 5.
43310041
Convert -a2c43 (base 14) to base 11.
-248618
Convert -1b6a5 (base 16) to base 10.
-112293
20256 (base 10) to base 4
10330200
What is -1030463 (base 9) in base 14?
-104db3
Convert 401620 (base 7) to base 3.
10110010001
-1064a7a (base 12) to base 8
-13713376
Convert 12161317 (base 9) to base 5.
3010222004
Convert -1120102200111 (base 3) to base 4.
-3023322010
Convert -1111000000100111001000 (base 2) to base 10.
-3934664
What is 20011111100 (base 3) in base 15?
25e69
What is -11344256 (base 7) in base 8?
-3646350
What is 220222000 (base 3) in base 11?
12744
Convert -1061512 (base 8) to base 4.
-1012031022
-1735053 (base 8) to base 9
-851588
-d3713 (base 15) to base 8
-2434223
Convert -484218 (base 10) to base 13.
-13c527
-1cc1b7 (base 13) to base 4
-2310311210
30320132 (base 4) to base 3
2200101022
Convert 3331313030 (base 4) to base 5.
231233240
What is -110011001101011100001 (base 2) in base 10?
-1678049
-226301 (base 7) to base 14
-10b38
Convert -3394c4 (base 13) to base 6.
-42052535
Convert -708716 (base 9) to base 16.
-667ad
Convert 30a461 (base 13) to base 9.
2122113
What is 41140304 (base 5) in base 15?
68da4
What is 90cbc (base 13) in base 10?
259232
6616442 (base 8) to base 10
1776930
Convert 14556554 (base 7) to base 5.
324030041
-4a3646 (base 11) to base 15
-10aa08
Convert 1719771 (base 14) to base 6.
1043243235
-301311024 (base 5) to base 3
-2020211212000
1ec614 (base 15) to base 3
2211201022201
443310 (base 7) to base 6
1401103
-2323864 (base 11) to base 3
-21122022002011
Convert -4c7c9 (base 13) to base 16.
-22a84
What is 12010220210222 (base 3) in base 10?
2734343
-5e3f7 (base 16) to base 8
-1361767
-8837023 (base 9) to base 4
-102013112313
-cd833 (base 16) to base 15
-119639
What is -11222221210202 (base 3) in base 13?
-7200c5
Convert 4331344 (base 10) to base 11.
2499226
What is 151530 (base 12) in base 15?
702b6
-488e4 (base 16) to base 14
-7a43a
170464 (base 9) to base 12
50b7a
What is -b3b5 (base 12) in base 10?
-19577
108707 (base 9) to base 2
1111111110101111
30303262 (base 8) to base 13
142a24b
-3123233032 (base 4) to base 15
-12ba31
21004023 (base 5) to base 7
1315406
-13313513 (base 9) to base 15
-899b89
Convert -209259 (base 12) to base 7.
-4236204
What is a00bc5 (base 14) in base 2?
10100100001100111011001
What is 10106826 (base 9) in base 7?
56125245
Convert -123251535 (base 6) to base 12.
-979bab
What is 111322023312 (base 4) in base 7?
66550314
What is -1320003 (base 5) in base 11?
-187a7
Convert -7049 (base 10) to base 4.
-1232021
What is 3053643 (base 7) in base 6?
11503510
Convert -47605 (base 12) to base 13.
-34868
14172606 (base 8) to base 4
30033112012
What is 20366332 (base 7) in base 14?
328989
What is -22338a (base 13) in base 15?
-10e14a
1201100001 (base 3) to base 12
1766a
Convert b696 (base 12) to base 10.
19986
Convert -53d81 (base 14) to base 7.
-1503521
Convert -57051a (base 11) to base 10.
-908368
-5174565 (base 8) to base 11
-85981a
What is 1010030 (base 5) in base 8?
37611
What is -33113444 (base 7) in base 14?
-54065b
-13167433 (base 8) to base 12
-ba01b7
1502204 (base 6) to base 5
10223134
Convert 408280 (base 9) to base 5.
30223022
Convert -3448c5 (base 13) to base 12.
-4b8820
What is -9b3ce0 (base 15) in base 14?
-daa4d7
Convert 101010010101101101111110 (base 2) to base 14.
168cb82
Convert -1455640 (base 8) to base 15.
-836d2
Convert -3745265 (base 9) to base 4.
-13301200100
Convert -32444 (base 7) to base 8.
-17665
Convert -204aa (base 16) to base 8.
-402252
What i